{"id":122,"date":"2021-07-02T12:07:07","date_gmt":"2021-07-02T10:07:07","guid":{"rendered":"https:\/\/buergerverein-grosskugel.de\/?page_id=122"},"modified":"2024-03-21T14:46:08","modified_gmt":"2024-03-21T13:46:08","slug":"impressum","status":"publish","type":"page","link":"https:\/\/buergerverein-grosskugel.de\/?page_id=122","title":{"rendered":"Impressum"},"content":{"rendered":"\n<h1 class=\"wp-block-heading\">Impressum<\/h1>\n\n\n\n<h2 class=\"wp-block-heading\">Angaben gem\u00e4\u00df \u00a7 5 TMG<\/h2>\n\n\n\n<p>B\u00fcrgerverein Gro\u00dfkugel e.V.<br>Neue Strasse 1<br>06184 Kabelsketal<\/p>\n\n\n\n<p>Vereinsregister: VR2253<br>Registergericht: Stendal<\/p>\n\n\n\n<p><strong>Vertreten durch:<\/strong><br>Nicole Wichmann<br>Ralf Tischler<br>Nadine Tischler<\/p>\n\n\n\n<h2 class=\"wp-block-heading\">Kontakt<\/h2>\n\n\n\n<p>Telefon: 0155 66 14 90 71<br>E-Mail: kontakt@buergerverein-grosskugel.de<\/p>\n\n\n\n<h2 class=\"wp-block-heading\">Verbraucher\u00adstreit\u00adbeilegung\/Universal\u00adschlichtungs\u00adstelle<\/h2>\n\n\n\n<p>Wir sind nicht bereit oder verpflichtet, an Streitbeilegungsverfahren vor einer Verbraucherschlichtungsstelle teilzunehmen.<\/p>\n","protected":false},"excerpt":{"rendered":"<p>Impressum Angaben gem\u00e4\u00df \u00a7 5 TMG B\u00fcrgerverein Gro\u00dfkugel e.V.Neue Strasse 106184 Kabelsketal Vereinsregister: VR2253Registergericht: Stendal Vertreten durch:Nicole WichmannRalf TischlerNadine Tischler Kontakt Telefon: 0155 66 14 90 71E-Mail: kontakt@buergerverein-grosskugel.de Verbraucher\u00adstreit\u00adbeilegung\/Universal\u00adschlichtungs\u00adstelle Wir sind nicht bereit oder verpflichtet, an Streitbeilegungsverfahren vor einer Verbraucherschlichtungsstelle&hellip; <\/p>\n","protected":false},"author":4,"featured_media":0,"parent":0,"menu_order":0,"comment_status":"closed","ping_status":"closed","template":"","meta":{"footnotes":""},"class_list":["post-122","page","type-page","status-publish","hentry"],"yoast_head":"<!-- This site is optimized with the Yoast SEO plugin v25.2 - https:\/\/yoast.com\/wordpress\/plugins\/seo\/ -->\n<title>Impressum - B\u00fcrgerverein Gro\u00dfkugel e.V. Impressum<\/title>\n<meta name=\"robots\" content=\"index, follow, max-snippet:-1, max-image-preview:large, max-video-preview:-1\" \/>\n<link rel=\"canonical\" href=\"https:\/\/buergerverein-grosskugel.de\/?page_id=122\" \/>\n<meta property=\"og:locale\" content=\"de_DE\" \/>\n<meta property=\"og:type\" content=\"article\" \/>\n<meta property=\"og:title\" content=\"Impressum - B\u00fcrgerverein Gro\u00dfkugel e.V. Impressum\" \/>\n<meta property=\"og:description\" content=\"Impressum Angaben gem\u00e4\u00df \u00a7 5 TMG B\u00fcrgerverein Gro\u00dfkugel e.V.Neue Strasse 106184 Kabelsketal Vereinsregister: VR2253Registergericht: Stendal Vertreten durch:Nicole WichmannRalf TischlerNadine Tischler Kontakt Telefon: 0155 66 14 90 71E-Mail: kontakt@buergerverein-grosskugel.de Verbraucher\u00adstreit\u00adbeilegung\/Universal\u00adschlichtungs\u00adstelle Wir sind nicht bereit oder verpflichtet, an Streitbeilegungsverfahren vor einer Verbraucherschlichtungsstelle&hellip;\" \/>\n<meta property=\"og:url\" content=\"https:\/\/buergerverein-grosskugel.de\/?page_id=122\" \/>\n<meta property=\"og:site_name\" content=\"B\u00fcrgerverein Gro\u00dfkugel e.V.\" \/>\n<meta property=\"article:modified_time\" content=\"2024-03-21T13:46:08+00:00\" \/>\n<meta name=\"twitter:card\" content=\"summary_large_image\" \/>\n<meta name=\"twitter:label1\" content=\"Gesch\u00e4tzte Lesezeit\" \/>\n\t<meta name=\"twitter:data1\" content=\"1\u00a0Minute\" \/>\n<script type=\"application\/ld+json\" class=\"yoast-schema-graph\">{\"@context\":\"https:\/\/schema.org\",\"@graph\":[{\"@type\":\"WebPage\",\"@id\":\"https:\/\/buergerverein-grosskugel.de\/?page_id=122\",\"url\":\"https:\/\/buergerverein-grosskugel.de\/?page_id=122\",\"name\":\"Impressum - B\u00fcrgerverein Gro\u00dfkugel e.V. Impressum\",\"isPartOf\":{\"@id\":\"https:\/\/buergerverein-grosskugel.de\/#website\"},\"datePublished\":\"2021-07-02T10:07:07+00:00\",\"dateModified\":\"2024-03-21T13:46:08+00:00\",\"breadcrumb\":{\"@id\":\"https:\/\/buergerverein-grosskugel.de\/?page_id=122#breadcrumb\"},\"inLanguage\":\"de\",\"potentialAction\":[{\"@type\":\"ReadAction\",\"target\":[\"https:\/\/buergerverein-grosskugel.de\/?page_id=122\"]}]},{\"@type\":\"BreadcrumbList\",\"@id\":\"https:\/\/buergerverein-grosskugel.de\/?page_id=122#breadcrumb\",\"itemListElement\":[{\"@type\":\"ListItem\",\"position\":1,\"name\":\"Home\",\"item\":\"https:\/\/buergerverein-grosskugel.de\/\"},{\"@type\":\"ListItem\",\"position\":2,\"name\":\"Impressum\"}]},{\"@type\":\"WebSite\",\"@id\":\"https:\/\/buergerverein-grosskugel.de\/#website\",\"url\":\"https:\/\/buergerverein-grosskugel.de\/\",\"name\":\"B\u00fcrgerverein Gro\u00dfkugel e.V.\",\"description\":\"\",\"publisher\":{\"@id\":\"https:\/\/buergerverein-grosskugel.de\/#organization\"},\"potentialAction\":[{\"@type\":\"SearchAction\",\"target\":{\"@type\":\"EntryPoint\",\"urlTemplate\":\"https:\/\/buergerverein-grosskugel.de\/?s={search_term_string}\"},\"query-input\":{\"@type\":\"PropertyValueSpecification\",\"valueRequired\":true,\"valueName\":\"search_term_string\"}}],\"inLanguage\":\"de\"},{\"@type\":\"Organization\",\"@id\":\"https:\/\/buergerverein-grosskugel.de\/#organization\",\"name\":\"B\u00fcrgerverein Gro\u00dfkugel e.V.\",\"url\":\"https:\/\/buergerverein-grosskugel.de\/\",\"logo\":{\"@type\":\"ImageObject\",\"inLanguage\":\"de\",\"@id\":\"https:\/\/buergerverein-grosskugel.de\/#\/schema\/logo\/image\/\",\"url\":\"https:\/\/buergerverein-grosskugel.de\/wp-content\/uploads\/2025\/04\/cropped-cropped-IMG_2422.png\",\"contentUrl\":\"https:\/\/buergerverein-grosskugel.de\/wp-content\/uploads\/2025\/04\/cropped-cropped-IMG_2422.png\",\"width\":344,\"height\":319,\"caption\":\"B\u00fcrgerverein Gro\u00dfkugel e.V.\"},\"image\":{\"@id\":\"https:\/\/buergerverein-grosskugel.de\/#\/schema\/logo\/image\/\"}}]}<\/script>\n<!-- \/ Yoast SEO plugin. -->","yoast_head_json":{"title":"Impressum - B\u00fcrgerverein Gro\u00dfkugel e.V. Impressum","robots":{"index":"index","follow":"follow","max-snippet":"max-snippet:-1","max-image-preview":"max-image-preview:large","max-video-preview":"max-video-preview:-1"},"canonical":"https:\/\/buergerverein-grosskugel.de\/?page_id=122","og_locale":"de_DE","og_type":"article","og_title":"Impressum - B\u00fcrgerverein Gro\u00dfkugel e.V. Impressum","og_description":"Impressum Angaben gem\u00e4\u00df \u00a7 5 TMG B\u00fcrgerverein Gro\u00dfkugel e.V.Neue Strasse 106184 Kabelsketal Vereinsregister: VR2253Registergericht: Stendal Vertreten durch:Nicole WichmannRalf TischlerNadine Tischler Kontakt Telefon: 0155 66 14 90 71E-Mail: kontakt@buergerverein-grosskugel.de Verbraucher\u00adstreit\u00adbeilegung\/Universal\u00adschlichtungs\u00adstelle Wir sind nicht bereit oder verpflichtet, an Streitbeilegungsverfahren vor einer Verbraucherschlichtungsstelle&hellip;","og_url":"https:\/\/buergerverein-grosskugel.de\/?page_id=122","og_site_name":"B\u00fcrgerverein Gro\u00dfkugel e.V.","article_modified_time":"2024-03-21T13:46:08+00:00","twitter_card":"summary_large_image","twitter_misc":{"Gesch\u00e4tzte Lesezeit":"1\u00a0Minute"},"schema":{"@context":"https:\/\/schema.org","@graph":[{"@type":"WebPage","@id":"https:\/\/buergerverein-grosskugel.de\/?page_id=122","url":"https:\/\/buergerverein-grosskugel.de\/?page_id=122","name":"Impressum - B\u00fcrgerverein Gro\u00dfkugel e.V. Impressum","isPartOf":{"@id":"https:\/\/buergerverein-grosskugel.de\/#website"},"datePublished":"2021-07-02T10:07:07+00:00","dateModified":"2024-03-21T13:46:08+00:00","breadcrumb":{"@id":"https:\/\/buergerverein-grosskugel.de\/?page_id=122#breadcrumb"},"inLanguage":"de","potentialAction":[{"@type":"ReadAction","target":["https:\/\/buergerverein-grosskugel.de\/?page_id=122"]}]},{"@type":"BreadcrumbList","@id":"https:\/\/buergerverein-grosskugel.de\/?page_id=122#breadcrumb","itemListElement":[{"@type":"ListItem","position":1,"name":"Home","item":"https:\/\/buergerverein-grosskugel.de\/"},{"@type":"ListItem","position":2,"name":"Impressum"}]},{"@type":"WebSite","@id":"https:\/\/buergerverein-grosskugel.de\/#website","url":"https:\/\/buergerverein-grosskugel.de\/","name":"B\u00fcrgerverein Gro\u00dfkugel e.V.","description":"","publisher":{"@id":"https:\/\/buergerverein-grosskugel.de\/#organization"},"potentialAction":[{"@type":"SearchAction","target":{"@type":"EntryPoint","urlTemplate":"https:\/\/buergerverein-grosskugel.de\/?s={search_term_string}"},"query-input":{"@type":"PropertyValueSpecification","valueRequired":true,"valueName":"search_term_string"}}],"inLanguage":"de"},{"@type":"Organization","@id":"https:\/\/buergerverein-grosskugel.de\/#organization","name":"B\u00fcrgerverein Gro\u00dfkugel e.V.","url":"https:\/\/buergerverein-grosskugel.de\/","logo":{"@type":"ImageObject","inLanguage":"de","@id":"https:\/\/buergerverein-grosskugel.de\/#\/schema\/logo\/image\/","url":"https:\/\/buergerverein-grosskugel.de\/wp-content\/uploads\/2025\/04\/cropped-cropped-IMG_2422.png","contentUrl":"https:\/\/buergerverein-grosskugel.de\/wp-content\/uploads\/2025\/04\/cropped-cropped-IMG_2422.png","width":344,"height":319,"caption":"B\u00fcrgerverein Gro\u00dfkugel e.V."},"image":{"@id":"https:\/\/buergerverein-grosskugel.de\/#\/schema\/logo\/image\/"}}]}},"_links":{"self":[{"href":"https:\/\/buergerverein-grosskugel.de\/index.php?rest_route=\/wp\/v2\/pages\/122","targetHints":{"allow":["GET"]}}],"collection":[{"href":"https:\/\/buergerverein-grosskugel.de\/index.php?rest_route=\/wp\/v2\/pages"}],"about":[{"href":"https:\/\/buergerverein-grosskugel.de\/index.php?rest_route=\/wp\/v2\/types\/page"}],"author":[{"embeddable":true,"href":"https:\/\/buergerverein-grosskugel.de\/index.php?rest_route=\/wp\/v2\/users\/4"}],"replies":[{"embeddable":true,"href":"https:\/\/buergerverein-grosskugel.de\/index.php?rest_route=%2Fwp%2Fv2%2Fcomments&post=122"}],"version-history":[{"count":4,"href":"https:\/\/buergerverein-grosskugel.de\/index.php?rest_route=\/wp\/v2\/pages\/122\/revisions"}],"predecessor-version":[{"id":202,"href":"https:\/\/buergerverein-grosskugel.de\/index.php?rest_route=\/wp\/v2\/pages\/122\/revisions\/202"}],"wp:attachment":[{"href":"https:\/\/buergerverein-grosskugel.de\/index.php?rest_route=%2Fwp%2Fv2%2Fmedia&parent=122"}],"curies":[{"name":"wp","href":"https:\/\/api.w.org\/{rel}","templated":true}]}}